d + 17 = f, -4*a = 3*d - 99. Calculate the remainder when 61 is divided by a.
19
Let a(t) = -5*t + 140. What is the remainder when 58 is divided by a(25)?
13
Let o be 1/4 + (-354)/8. Let v = -24 - o. Calculate the remainder when (4 - 2 - 4) + 40 is divided by v.
18
Let f(p) = 2*p**3 - 6*p**2 - 3*p + 7. Calculate the remainder when 159 is divided by f(4).
24
Let r = -173 + 199. Calculate the remainder when r is divided by 14.
12
Let w = -415 + 456. What is the remainder when 244 is divided by w?
39
Suppose -76*l - 19 = -77*l. What is the remainder when l is divided by 17?
2
What is the remainder when ((-63)/42)/((-2)/36) is divided by 7?
6
Let s be 6/(-2 + (-4)/(-1)). Suppose 0 = -5*i + u + 20, s*u + 15 = i + 5*u. Let j(a) = 2*a**2 - 5*a + 1. Calculate the remainder when j(i) is divided by 14.
12
Let w(a) = -a**2 - 8*a - 9. Let o be w(-6). Suppose 40 = 2*k - 4*j, 48 = 4*k + o*j + 12. What is the remainder when 35 is divided by k?
11
Let u = -137 + 144. Calculate the remainder when 14 is divided by u.
0
Let v(f) = f**3 - 4*f**2 + f + 7. Let h be v(4). Let s = h + -2. What is the remainder when 33 is divided by s?
6
Suppose 5*m - 4*n - 375 = 0, -5*m + 8*n + 375 = 11*n. Suppose 2*c = 6*i - i + 43, 4*c - 2*i = 78. What is the remainder when m is divided by c?
18
Suppose 10 = -41*b + 46*b. Suppose -b*q + 23 = -0*q - 5*c, 3*q - 6 = -2*c. What is the remainder when 25 is divided by q?
1
Let f(n) = n**2 + 22*n - 4. Let m be f(-19). Let o = -14 - m. Calculate the remainder when o is divided by 25.
22
Let b(v) = 25*v - 35*v - v**2 - 10*v - 19 - 13. What is the remainder when 69 is divided by b(-17)?
12
What is the remainder when (3 - 6)*(168/(-9) - 1) is divided by (6/(-4))/(9/(-60))?
9
Let b(p) = -p**2 + 12*p - 14. Let g be b(10). Calculate the remainder when (-10)/30 - ((-170)/g + -1) is divided by 10.
9
Calculate the remainder when (-9850)/(-90) - (-4)/(-9) is divided by 28.
25
Suppose 30 = 4*s - 10. Suppose 0 = -2*i + o + o - 2, 5*i = 2*o + s. What is the remainder when 18 is divided by i?
2
Suppose -49 = 9*o - 832. Calculate the remainder when o is divided by 83.
4
Let j = 96 + -42. Let d = 301 - 273. What is the remainder when j is divided by d?
26
Let g(l) = -l**2 - 24*l - 70. Let y be ((-10)/(-4))/(6/(-48)). Calculate the remainder when 20 is divided by g(y).
0
Suppose 0 = 5*h - 33 + 3. Suppose -5*u + 49 = -3*q, h = -u - q + 19. Suppose 5*k = 0, -5*o + 160 = -2*k - 3*k. Calculate the remainder when o is divided by u.
10
Let x = -7634 - -11694. Calculate the remainder when 138 is divided by 1 + (-4)/3 + x/84.
42
Suppose -y = q - 0*y - 2, 3*q - 5*y = 6. Suppose 0*s - q*m + 4 = -3*s, 2*s = -2*m - 16. What is the remainder when (76 - 4 - s) + -3 is divided by 25?
23
Let m be (-29)/(-2)*(5 + -9). Let g = 36 + 69. Let q = m + g. Calculate the remainder when q is divided by 25.
22
Let o = -72 + 52. Calculate the remainder when 21 is divided by -44*((-10)/(-2))/o.
10
Suppose -17 = -q + 3*z, -15 + 38 = 3*q + 5*z. Calculate the remainder when ((-58)/3)/((-4)/6) is divided by q.
7
Let g be -9*(11/3 - 4). Suppose 3*z - 31 = -v, 8*v - 7*v - g*z - 43 = 0. What is the remainder when 221 is divided by v?
36
Suppose s - 50 = -5*z, 0*s - 4*z + 183 = 3*s. Let d = s + -39. What is the remainder when 66 is divided by d?
14
Let a = 287 - 277. What is the remainder when 17 is divided by a?
7
Suppose 0 = -y - 0*y + 20. Let s(p) = -4*p + 3*p + 0*p - 5 + 3*p**2 - 3*p. What is the remainder when s(6) is divided by y?
19
Let p be 24*-4*(-3)/9. Let i be 3 + (p - (1 - -2)). Suppose 0 = 3*x - x - i. What is the remainder when 61 is divided by x?
13
Let b be (80/24)/(2/3). Let j = b + -1. Calculate the remainder when 12 is divided by j.
0
Let o = -25 + 84. What is the remainder when 176 is divided by o?
58
Let u(p) = 2*p - 5. Calculate the remainder when -1 - (-35)/30 - 71/(-6) is divided by u(5).
2
Let o be 78 - 0/(-4 + 3). Suppose 2*p + o = 8*p. What is the remainder when 64 is divided by p?
12
Let l = -6 + 9. Suppose -l*b + 20 = 5. Suppose -b*i + u = -155, 0*i - i + u = -31. What is the remainder when i is divided by 8?
7
Let r = 4 - -2. Suppose -14*b + 11*b = -r. Calculate the remainder when 4 is divided by b.
0
Suppose 1826 + 883 = -9*i. Calculate the remainder when 29 is divided by i/(-28) - (-6)/(-8).
9
Suppose 2*c + 11 = q, -2*q - 17 = q + 4*c. What is the remainder when -1 - (12/4 - 9) is divided by q?
0
Suppose -4 = 2*d, 4*d + 102 = 4*b - 6. Let u = 53 - 28. What is the remainder when (u - -8)*6/2 is divided by b?
24
Let o(x) = -62*x + 6 + 23*x - 31. Calculate the remainder when o(-2) is divided by 27.
26
Let t(y) = -5*y**3 - 3*y**2 + 5. Let b be t(2). Let x = b + 59. What is the remainder when 44 is divided by x?
8
Calculate the remainder when 93 is divided by 15 + (2 + -3)/(-1 - -2).
9
Suppose -2*v - 3*v = -60. Suppose 77*i = 26*i + 1122. Calculate the remainder when i is divided by v.
10
Suppose -15 = 3*s - 0*s. Let c = s - -9. Suppose c*i - 18 = -2*h, -4*h + 5*i = h - 30. Calculate the remainder when h is divided by 3.
1
Suppose 3*g + 33 = 3*b, 3*b = 8*b + 2*g - 55. Let a = b - 14. Calculate the remainder when (-9)/a + (-2 - -2) is divided by 2.
1
Let v be 104 + (0 - 4) + 4. What is the remainder when 11 is divided by 4/18 - (0 + v/(-18))?
5
Let z(d) be the second derivative of 5*d**4/12 + d**3 - 5*d**2/2 + 16*d. What is the remainder when z(-5) is divided by 46?
44
Suppose 2*d = -5*s + 787, 4*d - 329 = -4*s + 303. What is the remainder when s is divided by 40?
37
Let g = -226 - -251. What is the remainder when g is divided by 14?
11
Suppose 3*w - 56 = -11. Let d be 276/18 + (-1)/3. Let a = 42 - d. What is the remainder when a is divided by w?
12
Suppose -13*j - 569 = -3052. Calculate the remainder when j is divided by 15.
11
Suppose -5*n + 1214 + 2916 = 4*q, 2*q + 5*n = 2060. Suppose 0 = -22*d + 17*d + q. Calculate the remainder when d is divided by 15.
12
Let a be 206*1/(-6)*(3 - 0). Let o = 129 + a. What is the remainder when o is divided by 15?
11
Let n be (-1001)/9 - 4/(-18). Let l = 165 + n. Suppose x = l - 14. Calculate the remainder when x is divided by 14.
12
What is the remainder when -2 + 3/2 - (-7380)/24 is divided by 62?
59
Let z = -7 - -11. Suppose 5*m = z*p - 13, -p - 12 + 4 = -5*m. Suppose 5*u = -d + 86, 4*d - 42 + 4 = -2*u. What is the remainder when u is divided by p?
3
Let o = -1331 - -2336. Suppose -5*s - 3*d + o = 0, d - 899 = -3*s - 296. What is the remainder when s is divided by 34?
31
Let u = -53 + 82. Calculate the remainder when u is divided by 11.
7
Suppose 85 = 5*a + 390. Let s = -53 - a. Calculate the remainder when 14 is divided by s.
6
Suppose 3*p - 7*p + 1272 = 0. Calculate the remainder when p is divided by 32.
30
Suppose -5*d = 4*v - 0*d - 1297, 4*v + d - 1309 = 0. What is the remainder when v is divided by 22?
20
Suppose -30 = 2*m + m. Suppose 2*k + 36 = f - k, -f + 41 = -4*k. What is the remainder when f is divided by (-50)/(-4) + 15/m?
10
Suppose -6*a - 279 = -699. Suppose 5*p - 2*h - a = -0*h, 5*p + h = 85. Let f = -112 - -158. Calculate the remainder when f is divided by p.
14
Let d = -1459 + 2160. Calculate the remainder when d is divided by 13.
12
Let z(w) = -w**3 - 8*w**2 - 7. Let m be z(-8). Let a = m - -10. Let o = -33 + 38. Calculate the remainder when o is divided by a.
2
Let y be (12/8)/(3/6). Suppose -4*b + 279 = -b + 3*a, -287 = -y*b - a. Calculate the remainder when b is divided by 25.
22
Let r be 56/10 - (-8)/20. Calculate the remainder when 2 - r - 528/(-12) is divided by 21.
19
Let c be (10 - 10)/(2/1). Suppose v + 2*v + 9 = c, -2*f + 13 = -v. Calculate the remainder when 9 is divided by f.
4
Suppose 2*q + 5*f = -16, 2*q - 3*f = -6*f - 8. Suppose -3*w - q*w = -45. What is the remainder when (24/9)/(1/6) is divided by w?
7
Suppose -1615 = -2*f - 3*f - c, 0 = 3*c. What is the remainder when f is divided by 54?
53
What is the remainder when ((-142)/5)/((-7)/(-105)*-6) is divided by 22?
5
Let g be -1*0*1/(-5). Suppose -14*l + 205 + 159 = g. Calculate the remainder when 101 is divided by l.
23
Let s be (4/(-6))/(20/1860). Let q = s + 112. Calculate the remainder when q is divided by 26.
24
Let n = -13 + 18. Suppose n*y = 4*o + 7, 2*y - 5 = -4*o + 9. Suppose 3*p - d - 71 = d, -121 = -5*p + o*d. What is the remain